ainder when 77991 is divided by 35?
11
What is the remainder when 31984 is divided by 330?
304
Calculate the remainder when 2686 is divided by 1331.
24
Calculate the remainder when 8862 is divided by 588.
42
What is the remainder when 267468 is divided by 20574?
6
Calculate the remainder when 2457 is divided by 39.
0
What is the remainder when 636 is divided by 328?
308
What is the remainder when 366474 is divided by 137?
136
What is the remainder when 1739115 is divided by 788?
787
Calculate the remainder when 30810 is divided by 95.
30
Calculate the remainder when 2332 is divided by 529.
216
What is the remainder when 190321 is divided by 189?
187
Calculate the remainder when 1322 is divided by 156.
74
What is the remainder when 182146 is divided by 7?
6
Calculate the remainder when 991042 is divided by 694.
10
Calculate the remainder when 7970 is divided by 106.
20
Calculate the remainder when 20765 is divided by 352.
349
What is the remainder when 146849 is divided by 66?
65
What is the remainder when 15299 is divided by 357?
305
Calculate the remainder when 6263 is divided by 274.
235
Calculate the remainder when 7288 is divided by 23.
20
What is the remainder when 29944 is divided by 149?
144
What is the remainder when 1164 is divided by 503?
158
What is the remainder when 79384 is divided by 621?
517
Calculate the remainder when 4344 is divided by 288.
24
What is the remainder when 326925 is divided by 49?
46
What is the remainder when 4236 is divided by 326?
324
What is the remainder when 740 is divided by 207?
119
What is the remainder when 1154012 is divided by 576998?
16
Calculate the remainder when 734473 is divided by 99.
91
Calculate the remainder when 18512 is divided by 2305.
72
Calculate the remainder when 1589989 is divided by 106.
95
What is the remainder when 17539 is divided by 1753?
9
Calculate the remainder when 2543 is divided by 537.
395
Calculate the remainder when 978956 is divided by 62.
38
What is the remainder when 8363 is divided by 46?
37
Calculate the remainder when 7599 is divided by 45.
39
What is the remainder when 122476 is divided by 1376?
12
What is the remainder when 18845 is divided by 310?
245
What is the remainder when 3143 is divided by 772?
55
Calculate the remainder when 364513 is divided by 154.
149
Calculate the remainder when 89677 is divided by 472.
469
What is the remainder when 55858 is divided by 1095?
13
Calculate the remainder when 5930 is divided by 56.
50
Calculate the remainder when 446472 is divided by 223231.
10
What is the remainder when 1668008 is divided by 281?
273
Calculate the remainder when 1408 is divided by 1381.
27
Calculate the remainder when 1522 is divided by 91.
66
What is the remainder when 2668 is divided by 483?
253
What is the remainder when 14175 is divided by 4721?
12
Calculate the remainder when 5938 is divided by 45.
43
Calculate the remainder when 48538 is divided by 16.
10
What is the remainder when 3116768 is divided by 13?
5
What is the remainder when 2750 is divided by 2370?
380
What is the remainder when 22189 is divided by 890?
829
What is the remainder when 3899 is divided by 1290?
29
What is the remainder when 19011 is divided by 4507?
983
What is the remainder when 421598 is divided by 121?
34
What is the remainder when 7112 is divided by 18?
2
Calculate the remainder when 302383 is divided by 316.
287
Calculate the remainder when 17425 is divided by 163.
147
What is the remainder when 213390 is divided by 71121?
27
What is the remainder when 191079 is divided by 21231?
0
Calculate the remainder when 264187 is divided by 629.
7
Calculate the remainder when 4938 is divided by 127.
112
Calculate the remainder when 8489 is divided by 2813.
50
Calculate the remainder when 169414 is divided by 302.
294
What is the remainder when 422761 is divided by 28?
17
Calculate the remainder when 40165 is divided by 13376.
37
What is the remainder when 16689 is divided by 132?
57
Calculate the remainder when 805 is divided by 168.
133
What is the remainder when 38692 is divided by 967?
12
Calculate the remainder when 11812 is divided by 239.
101
What is the remainder when 5374 is divided by 186?
166
What is the remainder when 341823 is divided by 494?
469
What is the remainder when 44375 is divided by 86?
85
What is the remainder when 16643 is divided by 93?
89
What is the remainder when 5360 is divided by 178?
20
What is the remainder when 306 is divided by 221?
85
Calculate the remainder when 1418037 is divided by 1515.
1512
What is the remainder when 54089 is divided by 14?
7
Calculate the remainder when 88782 is divided by 1776.
1758
What is the remainder when 32456 is divided by 10811?
23
What is the remainder when 3039 is divided by 589?
94
What is the remainder when 2114 is divided by 432?
386
Calculate the remainder when 1540768 is divided by 35.
33
What is the remainder when 13648 is divided by 86?
60
Calculate the remainder when 962971 is divided by 62.
49
What is the remainder when 225269 is divided by 43?
35
Calculate the remainder when 499188 is divided by 21.
18
Calculate the remainder when 14441 is divided by 14438.
3
Calculate the remainder when 43174 is divided by 13.
1
Calculate the remainder when 1067428 is divided by 17.
15
Calculate the remainder when 123743 is divided by 40.
23
What is the remainder when 1355 is divided by 1164?
191
What is the remainder when 77255 is divided by 72?
71
Calculate the remainder when 4801 is divided by 534.
529
Calculate the remainder when 466485 is divided by 19.
16
What is the remainder when 988 is divided by 472?
44
What is the remainder when 24815 is divided by 1126?
43
What is the remainder when 1126 is divided by 557?
12
Calculate the remainder when 29574 is divided by 3594.
822
What is the remainder when 6823 is divided by 263?
248
What is the remainder when 26363 is divided by 144?
11
What is the remainder when 1093792 is divided by 27?
22
What is the remainder when 1464 is divided by 3?
0
Calculate the remainder when 1314 is divided by 279.
198
What is the remainder when 2436 is divided by 801?
33
What is the remainder when 6257 is divided by 90?
47
Calculate the remainder when 7540 is divided by 3768.
4
What is the remainder when 264244 is divided by 13?
6
Calculate the remainder when 124678 is divided by 20.
18
Calculate the remainder when 175402 is divided by 14.
10
Calculate the remainder when 12115 is divided by 12071.
44
Calculate the remainder when 47656 is divided by 567.
28
What is the remainder when 138334 is divided by 695?
29
What is the remainder when 492198 is divided by 177?
138
Calculate the remainder when 5157 is divided by 483.
327
Calculate the remainder when 11326 is divided by 247.
211
What is the remainder when 33883 is divided by 220?
3
What is the remainder when 4187 is divided by 4178?
9
Calculate the remainder when 1227 is divided by 134.
21
What is the remainder when 92574 is divided by 42?
6
Calculate the remainder when 67298 is divided by 22360.
218
What is the remainder when 58935 is divided by 20?
15
Calculate the remainder when 9434 is divided by 3126.
56
What is the remainder when 31014 is divided by 15490?
34
Calculate the remainder when 245578 is divided by 1605.
13
What is the remainder when 22709 is divided by 2996?
1737
What is the remainder when 100454 is divided by 50223?
8
Calculate the remainder when 7694 is divided by 386.
360
What is the remainder when 18097 is divided by 454?
391
Calculate the remainder when 7114 is divided by 2265.
319
What is the remainder when 9253 is divided by 189?
181
Calculate the remainder when 3415 is divided by 132.
115
Calculate the remainder when 238767 is divided by 10.
7
What is the remainder when 336643 is divided by 1860?
1843
What is the remainder when 423149 is divided by 91?
90
What is the remainder when 595439 is divided by 259?
257
What is the remainder when 527 is divided by 355?
172
What is the remainder when 3738 is divided by 43?
40
What is the remainder when 8941 is divided by 2976?
13
What is the remainder when 583552 is divided by 49?
11
What is the remainder when 16035 is divided by 3940?
275
Calculate the remainder when 62175 is divided by 258.
255
Calculate the remainder when 6776 is divided by 677.
6
Calculate t